142 is divided by 43?
13
What is the remainder when 2595 is divided by 118?
117
Calculate the remainder when 71 is divided by 9.
8
What is the remainder when 149 is divided by 3?
2
What is the remainder when 428 is divided by 33?
32
What is the remainder when 1542 is divided by 308?
2
What is the remainder when 169 is divided by 85?
84
Calculate the remainder when 5516 is divided by 48.
44
What is the remainder when 58 is divided by 24?
10
What is the remainder when 161 is divided by 15?
11
What is the remainder when 903 is divided by 48?
39
Calculate the remainder when 2515 is divided by 120.
115
Calculate the remainder when 236 is divided by 49.
40
Calculate the remainder when 1180 is divided by 587.
6
Calculate the remainder when 800 is divided by 13.
7
What is the remainder when 14488 is divided by 30?
28
What is the remainder when 8017 is divided by 20?
17
Calculate the remainder when 682 is divided by 64.
42
What is the remainder when 498 is divided by 10?
8
What is the remainder when 398 is divided by 40?
38
What is the remainder when 4196 is divided by 210?
206
What is the remainder when 386 is divided by 65?
61
What is the remainder when 6343 is divided by 45?
43
Calculate the remainder when 252 is divided by 125.
2
What is the remainder when 382 is divided by 87?
34
Calculate the remainder when 6403 is divided by 7.
5
What is the remainder when 1874 is divided by 65?
54
Calculate the remainder when 253 is divided by 43.
38
Calculate the remainder when 321 is divided by 19.
17
Calculate the remainder when 84 is divided by 17.
16
What is the remainder when 77 is divided by 7?
0
What is the remainder when 35 is divided by 22?
13
What is the remainder when 8468 is divided by 3?
2
Calculate the remainder when 228 is divided by 10.
8
Calculate the remainder when 878 is divided by 131.
92
Calculate the remainder when 3088 is divided by 207.
190
Calculate the remainder when 3598 is divided by 16.
14
What is the remainder when 285 is divided by 96?
93
What is the remainder when 450 is divided by 206?
38
Calculate the remainder when 90 is divided by 69.
21
What is the remainder when 206 is divided by 46?
22
What is the remainder when 497 is divided by 117?
29
Calculate the remainder when 646 is divided by 214.
4
What is the remainder when 4971 is divided by 1655?
6
What is the remainder when 43 is divided by 5?
3
What is the remainder when 137 is divided by 63?
11
What is the remainder when 51 is divided by 25?
1
What is the remainder when 1076 is divided by 356?
8
What is the remainder when 693 is divided by 57?
9
Calculate the remainder when 270 is divided by 47.
35
Calculate the remainder when 102 is divided by 48.
6
Calculate the remainder when 1678 is divided by 9.
4
Calculate the remainder when 917 is divided by 190.
157
Calculate the remainder when 71 is divided by 27.
17
What is the remainder when 979 is divided by 5?
4
What is the remainder when 45 is divided by 21?
3
What is the remainder when 1254 is divided by 205?
24
What is the remainder when 80 is divided by 7?
3
Calculate the remainder when 1810 is divided by 142.
106
What is the remainder when 860 is divided by 61?
6
Calculate the remainder when 482 is divided by 81.
77
Calculate the remainder when 380 is divided by 32.
28
Calculate the remainder when 219 is divided by 19.
10
Calculate the remainder when 994 is divided by 495.
4
Calculate the remainder when 68 is divided by 21.
5
Calculate the remainder when 125 is divided by 8.
5
What is the remainder when 427 is divided by 87?
79
Calculate the remainder when 194 is divided by 50.
44
Calculate the remainder when 38344 is divided by 7.
5
What is the remainder when 55 is divided by 20?
15
Calculate the remainder when 514 is divided by 43.
41
Calculate the remainder when 1332 is divided by 16.
4
What is the remainder when 16557 is divided by 24?
21
Calculate the remainder when 2462 is divided by 224.
222
Calculate the remainder when 2907 is divided by 110.
47
Calculate the remainder when 279 is divided by 40.
39
What is the remainder when 645 is divided by 36?
33
Calculate the remainder when 46 is divided by 15.
1
What is the remainder when 41 is divided by 17?
7
Calculate the remainder when 131 is divided by 19.
17
Calculate the remainder when 399 is divided by 148.
103
What is the remainder when 288 is divided by 97?
94
Calculate the remainder when 29 is divided by 20.
9
Calculate the remainder when 75 is divided by 37.
1
What is the remainder when 177 is divided by 41?
13
Calculate the remainder when 242 is divided by 73.
23
Calculate the remainder when 1080 is divided by 155.
150
Calculate the remainder when 58867 is divided by 29.
26
What is the remainder when 120 is divided by 4?
0
What is the remainder when 65 is divided by 17?
14
What is the remainder when 118 is divided by 28?
6
Calculate the remainder when 49 is divided by 14.
7
What is the remainder when 413 is divided by 35?
28
What is the remainder when 753 is divided by 69?
63
What is the remainder when 49 is divided by 4?
1
Calculate the remainder when 552 is divided by 36.
12
What is the remainder when 699 is divided by 227?
18
Calculate the remainder when 568 is divided by 282.
4
Calculate the remainder when 172 is divided by 87.
85
What is the remainder when 2079 is divided by 30?
9
What is the remainder when 469 is divided by 43?
39
Calculate the remainder when 841 is divided by 428.
413
What is the remainder when 61331 is divided by 14?
11
What is the remainder when 733 is divided by 123?
118
What is the remainder when 537 is divided by 20?
17
Calculate the remainder when 30 is divided by 13.
4
What is the remainder when 1166 is divided by 32?
14
What is the remainder when 3674 is divided by 15?
14
Calculate the remainder when 161 is divided by 46.
23
Calculate the remainder when 65 is divided by 12.
5
Calculate the remainder when 2070 is divided by 19.
18
What is the remainder when 1347 is divided by 433?
48
Calculate the remainder when 230 is divided by 13.
9
What is the remainder when 777 is divided by 10?
7
What is the remainder when 12047 is divided by 4015?
2
Calculate the remainder when 36 is divided by 36.
0
Calculate the remainder when 154 is divided by 2.
0
Calculate the remainder when 1511 is divided by 108.
107
What is the remainder when 221 is divided by 3?
2
Calculate the remainder when 5836 is divided by 1941.
13
What is the remainder when 182 is divided by 17?
12
What is the remainder when 114 is divided by 5?
4
Calculate the remainder when 916 is divided by 220.
36
What is the remainder when 1979 is divided by 18?
17
What is the remainder when 128 is divided by 65?
63
What is the remainder when 416 is divided by 37?
9
What is the remainder when 165 is divided by 21?
18
What is the remainder when 62 is divided by 22?
18
Calculate the remainder when 893 is divided by 41.
32
Calculate the remainder when 185 is divided by 31.
30
What is the remainder when 71 is divided by 38?
33
Calculate the remainder when 28 is divided by 7.
0
What is the remainder when 167 is divided by 48?
23
What is the remainder when 113 is divided by 25?
13
What is the remainder when 1417 is divided by 29?
25
What is the remainder when 883 is divided by 82?
63
Calculate the remainder when 21 is divided by 11.
10
Calculate the remainder when 217 is divided by 101.
15
What is the remainder when 112 is divided by 55?
2
Calculate the remainder when 91 is divided by 26.
13
What is the remainder when 247 is divided by 135?
112
Calculate the remainder when 32 is divided by 15.
2
What is the remainder when 297 is divided by 50?
47
What is the remainder when 3558 is divided by 22?
16
What is the remainder when 1719 is divided by 245?
4
What is the remainder when 523 is divided by 35?
33
Calculate the remainder when 1706 is divided by 10.
6
What is the remainder when 52 is divided by 34?
18
Calculate the remainder when 169 is divided by 10.
9
Calculate the remainder when 70 is divided by 6.
4
Calculate the remainder when 90 is divided by 22.
2
Calculate the remainder when 888 is divided by 259.
111
Calculate the remainder when 69 is divided by 14.
13
Calculate the remainder when 178 is divided by 26.
22
Calculate the remainder when 221 is divided by 16.
13
What is the remainder